the prime factors of l(13)?
2, 3
Let j(o) = -2*o**2 - o + 1. Let b be j(-2). Let a be (-3 + 0)*(-24)/9. Let m = a + b. List the prime factors of m.
3
Suppose -4*g - 2*k = -7*g + 50, -3*g + 80 = 4*k. Let q = 61 - g. List the prime factors of q.
41
Let o be 1/(2/(-30) - 0). Let r = -1 + o. Let v = 24 + r. What are the prime factors of v?
2
Suppose -5*n + 80 + 10 = 0. List the prime factors of n.
2, 3
Suppose -12 + 2 = -5*v. Suppose -6*h = -v*h. Suppose -k + 9 = -h*k. List the prime factors of k.
3
Let m(n) = -2 + n - n + 2*n. Let k be m(-5). Let d = k + 19. What are the prime factors of d?
7
Let x be 528/14 + (-6)/(-21). Let w = x + -16. What are the prime factors of w?
2, 11
Suppose 3*f - 32 - 103 = 0. Let k = f - 19. What are the prime factors of k?
2, 13
Let y(r) = -6*r**3 - 5*r**2 + 2. List the prime factors of y(-2).
2, 3, 5
Suppose -10*q + 336 = -194. What are the prime factors of q?
53
Let f be (-1)/5 + (-16)/(-5). Suppose f*p - 64 = 4*d, 2*p - 28 = -d - 0*d. List the prime factors of p.
2
Suppose 0 = 14*j - 2917 + 705. List the prime factors of j.
2, 79
Suppose -2*u - 3*z + 43 = 0, -u + 3*z = -6*u + 130. What are the prime factors of u?
29
Let t(y) = 3*y - 14. Let v be t(6). Suppose 2*w - v*p = 44, 3*w - 34 - 8 = -2*p. List the prime factors of w.
2
Suppose 6 = u - 16. Suppose 6 = g + u. Let t = g - -26. What are the prime factors of t?
2, 5
Suppose 4*z + z = 10. Suppose -3*m + z*b - 2 = -4, 4*m - 4*b + 4 = 0. What are the prime factors of m?
2
Let w = -466 - -791. List the prime factors of w/20 + (-2)/8.
2
Let i(s) = -44*s**2 + 20*s + 14. Let f(y) = 15*y**2 - 7*y - 5. Let r(n) = -17*f(n) - 6*i(n). List the prime factors of r(1).
3
What are the prime factors of 146 - -1*2 - (3 - 2)?
3, 7
Let t(r) = r**3 + 0 - 2 + 3*r**2 + r - 4*r**2. Let w be t(2). Suppose -2*b - 21 + 5 = -2*n, 4 = -w*b. What are the prime factors of n?
7
Let z be (-87)/(-7) + 9/(-21). What are the prime factors of (30/z)/((-2)/(-12))?
3, 5
Suppose -44 = -2*p + 5*r, 6*p = p - 4*r + 77. Let s = p - -2. What are the prime factors of s?
19
Let w = -3 - -3. Suppose 0 = 2*u - w*u - 28. List the prime factors of u.
2, 7
Let a(c) = 8*c**2 + 3*c + 3. List the prime factors of a(-4).
7, 17
Suppose 0 = -2*y + 4*l + 44, 0 = 4*y - 5*l + 3*l - 76. Let s be 214/9 - (-4)/y. Let r = s - 12. List the prime factors of r.
2, 3
Let z(c) = -c**3 - 5*c**2 + 6*c. Let d(j) = -j**3 + 2*j**2 - 2*j - 2. Let x be d(2). Let m be z(x). Suppose 20 = 2*v - m. What are the prime factors of v?
2, 5
Suppose 2*i = -3*m, -6*i = -2*m - 2*i + 16. List the prime factors of 10 - (-3)/(6/m).
11
Let w(p) = -p**2 + 2*p - 1. Let o be w(1). Let m = o + 2. List the prime factors of 2 + m/3*6.
2, 3
Suppose 0 = -2*d - 5*d + 476. What are the prime factors of d?
2, 17
Suppose 4*h = -0*h - 28. Let k = h - -21. List the prime factors of k.
2, 7
Let d = 191 + -84. What are the prime factors of d?
107
Let f(l) = -1. Let t(d) = 3*d - 1. Let v(w) = -3*f(w) - t(w). What are the prime factors of v(-3)?
13
List the prime factors of 3120/18 - 4/3.
2, 43
List the prime factors of (-1)/((-2)/14)*(-6 + 24).
2, 3, 7
Let z = 2 - 0. Suppose u + z - 5 = 0. What are the prime factors of u?
3
Let k(v) = 4*v**2 + 7*v + 6. List the prime factors of k(-4).
2, 3, 7
Let m(x) = -x + 8. Let i(v) = 0 - 6*v + 3*v**2 + 0 + v**3 - 2. Let f be i(-4). What are the prime factors of m(f)?
2
Let a(j) = -j**3 + 3*j**2 - j + 1. Let t be a(2). Suppose -s = -3*d - 27, 0 = -3*s + t*d + 10 + 53. What are the prime factors of s?
2, 3
Let l = 30 - 18. Suppose y = -3*y + 12. Suppose -4*n + 24 = 3*x, -1 = -x - y*n + l. What are the prime factors of x?
2
Let t = 28 - -9. What are the prime factors of t?
37
Suppose g = -g + 10. Suppose 3*m = 4*m - g. Suppose -m*n = t - 61 - 0, 2*t = -3*n + 38. List the prime factors of n.
2, 3
Let b be (3 - 0)/(-1) + -1. Let a = -7 - 4. Let v = b - a. List the prime factors of v.
7
Suppose -455 = 8*x - 9*x. What are the prime factors of x?
5, 7, 13
Suppose -72 = -8*y + 4*y. What are the prime factors of y?
2, 3
Let g = 2 + -5. List the prime factors of 70/15 + 2/g.
2
Let g = 3 - -3. Let z = -2 + g. Suppose -3*p + 5 = 5*u + 1, 16 = -z*u. What are the prime factors of p?
2
Let h = -18 - -11. Let w(m) = -m**2 + 7*m - 7. Let q(j) = -j**2 + j. Let p(k) = -2*q(k) + w(k). List the prime factors of p(h).
7
Let o be -2 - -1*(3 + 0). What are the prime factors of (-1)/(o/11)*-1?
11
Let f = 592 + -321. What are the prime factors of f?
271
Let c be (-8)/(1*8/12). Let u = c - -40. List the prime factors of u.
2, 7
Let u(y) = y**3 + 6*y**2 - y + 4. List the prime factors of u(-6).
2, 5
Suppose 0*x + 4*x = -j, 17 = 4*j - x. Let l(s) = 4*s - 1. What are the prime factors of l(j)?
3, 5
Let u(o) be the first derivative of o**3/3 - o**2 + 3*o + 2. Let p = 6 - 2. What are the prime factors of u(p)?
11
Suppose 0 = 5*t + 10, 5*p - 68 = -2*t + t. Let x be (2/1)/((-4)/p). What are the prime factors of 2/x - 357/(-49)?
7
Suppose -5*n + 2*y = 12, -4*y = n - 0 - 2. What are the prime factors of n - (4 - 3)*-7?
5
Suppose 0 = -j + 227 + 96. What are the prime factors of j?
17, 19
Suppose -148 = 6*x - 442. List the prime factors of x.
7
Suppose -16 = -4*q + 28. What are the prime factors of q?
11
What are the prime factors of (1/(-3))/(632/636 - 1)?
53
Suppose -m + 6*m = 0. Suppose -4*j + m*g + 20 = 4*g, -g - 7 = -j. Suppose 4*z + 3*w = j*w + 31, -5*w = -5*z + 35. What are the prime factors of z?
2, 5
Let j = 13 + -6. Suppose -13 = -s - n, j*s - 4*n = 2*s + 47. List the prime factors of s.
11
Let d(q) = 3*q**2 + 10*q - 30. What are the prime factors of d(-9)?
3, 41
Suppose 0 = 3*w - 3*j - 84, -2*j - 3*j = 5*w - 170. List the prime factors of w.
31
Suppose -116 = -u + 65. List the prime factors of u.
181
Let u be 42/(-7)*(-16)/6. Suppose u = 7*a - 3*a. List the prime factors of a.
2
Suppose 5*l = -0*l + 20. Suppose -l*b + 40 = -3*d, 5*b + 5*d - 13 = 2. List the prime factors of b.
7
Suppose 4*b - 118 - 86 = 0. Let c be b*2/3 + -1. Let u = c + -20. List the prime factors of u.
13
Let q(v) = v - 1. Let y(h) = 1. Let j(a) = 2*q(a) + 3*y(a). List the prime factors of j(5).
11
Let l(f) = -5*f**3 - f + 1. What are the prime factors of l(-2)?
43
Suppose 0 = -3*x + 38 + 37. Suppose -2 + x = h. List the prime factors of h.
23
Let k be (-141)/(-3 + (4 - 2)). Let r = k + -91. List the prime factors of r.
2, 5
Suppose 3*y - 6*y - 18 = 0. Let h(u) = u**3 + 5*u**2 - 8*u - 7. List the prime factors of h(y).
5
Suppose 3*q - 41 = 4*a, 0 = 5*q - 0*a - 2*a - 87. Suppose 2*i + 0*m - m - q = 0, -i + 11 = -m. What are the prime factors of i?
2
Suppose 3 = u - 3. Suppose 2*l + u + 63 = s, s = 3*l + 104. What are the prime factors of ((-30)/l)/(2/14)?
2, 3
Let k = -13 - -21. What are the prime factors of k?
2
Let g(t) = t**2 + 9*t + 12. What are the prime factors of g(-9)?
2, 3
Suppose -3*w + 216 = w. Let k = w - 37. What are the prime factors of k + 3/6*-6?
2, 7
Suppose -4*b = -5*g + 7 + 1, 3*g = -5*b + 27. Suppose 0 = -2*d - 5*c + 12, -d - 4*c = -b - 3. List the prime factors of d.
2, 3
Suppose -k + 24 = -29. List the prime factors of k.
53
Suppose -62*r + 63*r - 122 = 0. List the prime factors of r.
2, 61
Let t = 20 - 33. Let r = 45 + t. List the prime factors of r.
2
Suppose -2*d + 18 = -16. What are the prime factors of d?
17
Let j(k) = -k**2 + 11*k - 12. Suppose -15 = -s + 8. Suppose -4*n + s = -9. What are the prime factors of j(n)?
2, 3
Let b = -4 - -7. Suppose 9 + 54 = 3*z - b*r, -r - 85 = -5*z. List the prime factors of z - 3*(-2)/(-6).
3, 5
Suppose 5*h - 2*f = -4*f + 27, 13 = 2*h + 3*f. Suppose -5*g + 3*w = -33 - 86, -2*g + 59 = -h*w. What are the prime factors of g?
2, 11
What are the prime factors of 3/1 - (-29 + 5)?
3
Suppose 0 = -5*u - 3*z + 12, -4*u + 10 = 4*z + 2. Suppose 0*i - 3*i = 0. What are the prime factors of (i + u/1)*3?
3
Suppose -5*p = -7 + 2. Let o be -30*(p + (-1)/3). List the prime factors of (-20)/6*72/o.
2, 3
Let p be (12/(-20))/(1/(-5)). Suppose 0 = 4*y + 4, p*y = -0*d - 4*d + 9. Suppose 22 = d*v - v. What are the prime factors of v?
11
Let h(u) = 2*u**2 - 10*u - 11. What are the prime factors of h(-6)?
11
Let d be (-2)/(-2) + -4 + -1. Let g(r) = r**3 - 5*r**2 + 3*r + 2. Let f be g(5). What are the prime factors of 2/d - f/(-2)?
2
Let p(b) = b - 2. 